der when 0 + 0 - 196/d is divided by 17?
15
Suppose o - 14 = n + 12, -5*o = -2*n - 115. What is the remainder when 524 is divided by o?
20
Suppose -7 = -3*l - 1. Let r(m) = -5*m**2 - m. Let u be r(l). What is the remainder when (3 - (-2 + u))*1 is divided by 6?
3
Let f be 2/8 + 455/(-28). Calculate the remainder when f/12*(-186)/4 is divided by 16.
14
Suppose 2953 = 21*h - 155. Calculate the remainder when h is divided by 25.
23
Calculate the remainder when (-1)/(-1)*-1 - -74 is divided by 19.
16
Suppose 63 - 17 = 2*q - 3*v, -v - 21 = -q. Suppose 3*g + 5*x - 28 = 0, -5*g - 4*x = x - 40. Calculate the remainder when q is divided by g.
5
Suppose -3 = 4*o + 3*p, 24 = -4*o + 3*p + 3. Let n = 23 + o. Suppose -2*s + 10 + n = 0. Calculate the remainder when 28 is divided by s.
13
Let s(i) = -5*i**3 - 2*i**2 + 1. Let u be s(-1). Let m(l) = -l**2 + 5*l + 2. What is the remainder when 2 + (1 + -2 - -8) is divided by m(u)?
3
Suppose -3597 = -12*p + p. Calculate the remainder when p is divided by 82.
81
Let n(q) = -11*q + 36. Let z be n(14). Calculate the remainder when (-24)/(-36) + (z/(-3))/1 is divided by 11.
7
Let l = 17 + -14. Suppose -m - 5 = c - l*c, -m + 20 = 3*c. Let w = -51 + 63. What is the remainder when w is divided by m?
2
Let s(u) be the third derivative of -u**5/60 + 3*u**4/8 - 12*u**2. Calculate the remainder when 68 is divided by s(6).
14
Let q = -291 + 299. Calculate the remainder when 84 is divided by q.
4
Let f(b) be the second derivative of -7*b**3/6 - 5*b**2/2 - b. Let m be f(-5). Suppose 8 = 2*z - m. Calculate the remainder when 73 is divided by z.
16
Suppose -l = -6*l + 100. Suppose -61 - l = -3*s. What is the remainder when 51 is divided by s?
24
Let s(c) = c**2 - 3*c - 5. Suppose -5*a = -20 - 5. Let j be s(a). Suppose j*w - 53 - 17 = 0. What is the remainder when 54 is divided by w?
12
Suppose 0 = -5*x + 5*y - 0*y - 25, x - 4*y = -20. Suppose -2*l = -5*r + 7, 4*l - 22 = -2*r - x*r. What is the remainder when 9 is divided by l?
1
Suppose -6*a + 3*a = -15. Suppose 3*w - 2*n - 517 = 0, -5*w - a*n = -w - 674. Let i = -110 + w. What is the remainder when i is divided by 16?
13
Suppose 3*d - 3*n + 5*n = 0, 0 = -d - 5*n. Let v(m) = -2*m**2 - m + 6. Let z be v(d). Suppose -x + z*x = 25. What is the remainder when 18 is divided by x?
3
Let x(s) = -5*s - 15. Let j(g) = -g**3 + g**2 - 2*g - 8. Let m be j(0). Let d be x(m). Suppose 0 = -i + d + 2. What is the remainder when i is divided by 15?
12
Suppose 0 = -i - 2*x + 229, -x + 0*x = 2*i - 467. Calculate the remainder when i is divided by 79.
77
Calculate the remainder when (-27 - 7)/(-2*1) is divided by 12.
5
Suppose 0 = 7*s + 28 + 112. Let v = 43 + s. What is the remainder when 43 is divided by v?
20
Calculate the remainder when 457 is divided by ((-765)/2)/(-15)*(5 - 3).
49
Suppose -10 = -2*v - 2*k, k - 13 = -4*v + 4*k. Suppose -2*u + 124 = 2*u - v*s, -u = -3*s - 39. What is the remainder when u is divided by 15?
12
Suppose -q = -10*q + 270. Calculate the remainder when 87 is divided by q.
27
Suppose 79*y - 92*y = -16 - 36. What is the remainder when y is divided by 0 + 3/((-6)/(-8))?
0
Suppose -2*y = 2*t - 1247 - 85, -1330 = -2*t - y. What is the remainder when t is divided by 37?
35
Let h = 22 + -20. Suppose h*k + 20 = -3*k. Calculate the remainder when (-134)/k + 1/(-2) is divided by 12.
9
Let a = 10 - 9. Calculate the remainder when 1/(-8 - (-33)/4) is divided by a.
0
Suppose -t + 1 - 4 = 0. Calculate the remainder when 77 is divided by (-6)/((-18)/69) - t.
25
Suppose 4*z = -3*y + 451, -z + 5*z = 4. Let t(n) be the first derivative of n**3/3 + 3*n**2 - 2*n - 29. What is the remainder when y is divided by t(4)?
35
Suppose 5*s = -2*j + 286, 114 = 3*s - 4*j - 42. Calculate the remainder when s is divided by 12.
8
Let l(k) = 17*k - 49. Calculate the remainder when l(10) is divided by 31.
28
Let y(c) = -c - 7. Let q be y(0). Calculate the remainder when 2 + (1 + q - 3)*-1 is divided by 7.
4
Let v(m) = 20*m**2 - 8*m + 3. Let f(q) = q**2 + q - 1. Let w(j) = -6*f(j) - v(j). Let o be w(-2). Calculate the remainder when 1*(o/(-3) - -2) is divided by 13.
11
Let z(m) = m**2 + 3*m - 25. Let w be z(-7). Suppose 0 = 4*v - 3*y - 148, 2*y + 2*y = w*v - 104. Calculate the remainder when v is divided by 7.
5
Let k be 4/12 + 15/9. Suppose 2*u = 5*u + k*v - 170, -4*v = 8. Let w = -27 + u. What is the remainder when 59 is divided by w?
28
Suppose -j + 1320 = 2*p + 3*p, 20 = -4*j. Suppose p = 5*t - 0*t. What is the remainder when 207 is divided by t?
48
Suppose -8*g + 32 = -0. Let o(k) = k + 64. Let j be o(0). Suppose 5*i = -0*m - 3*m + j, -62 = -g*m + 5*i. Calculate the remainder when 33 is divided by m.
15
Let j = 14 + -12. Suppose 0 = j*t - 3*t - 4*n + 21, 2*n + 2 = 2*t. What is the remainder when 30 is divided by t?
0
Let h = 2026 + -2023. Calculate the remainder when 81 is divided by h.
0
Let w = 718 + -696. What is the remainder when 438 is divided by w?
20
Let k = -25 + 36. Let o be 4/26 + (-2)/13. Suppose k*m - 9*m - 8 = o. Calculate the remainder when 7 is divided by m.
3
Suppose x + x - 5*q = -7, 3*x - 22 = q. Let h = x + 18. Suppose -2*u + 424 = 2*u. What is the remainder when u is divided by h?
25
Let w(n) = -3*n + 48. Let p be w(15). Suppose 3*l + 3 = 5*x - 10, 2*l + 7 = p*x. Let i(c) = c**2 - 1. What is the remainder when l is divided by i(-2)?
1
Suppose -2*h - 3*p = -2*p - 215, -3*p - 405 = -4*h. Let f(m) = m**3 + 11*m**2 - 40*m - 155. What is the remainder when h is divided by f(-13)?
24
Let r(p) = -2*p**3 - p**2 + 4*p + 43. Let l = 5 + 4. What is the remainder when r(0) is divided by l?
7
Let u = -14 - -98. Suppose u = 2*q - 198. What is the remainder when q is divided by 36?
33
Suppose -x = x. Suppose -r = -x - 1. Calculate the remainder when ((-40)/30)/((-2)/3) is divided by r.
0
Suppose -19 + 119 = s + q, -4*q = 3*s - 305. Calculate the remainder when s is divided by 29.
8
Let l(z) = -6*z - 5*z**3 - 1 + 31*z**3 + 7*z**3 + 7*z - z**2. Suppose -h + 8 = -3. Calculate the remainder when l(1) is divided by h.
10
Let y be (-6)/(5/((-5)/2)). Suppose o + 2*l - 3 = -3*l, 4*l = y*o + 10. Let i = o + 5. What is the remainder when 6 is divided by i?
0
Suppose 46*a - 3*t = 42*a + 832, 4*t - 208 = -a. Calculate the remainder when a is divided by 35.
33
Calculate the remainder when 186 is divided by 6*12/72*89.
8
Let a = -876 + 931. What is the remainder when a is divided by 14?
13
Let l(f) = -f**3 + 32*f**2 - 52*f + 69. What is the remainder when l(30) is divided by 24?
21
Suppose 76 = 3*q + 4*d, -8*q + 56 = -5*q - d. Calculate the remainder when 156 is divided by q.
16
Suppose 2 = -f - 0. Let x = -4 + f. Let t(p) = -p**2 - 7*p + 6. Calculate the remainder when 23 is divided by t(x).
11
Suppose -5*j - 624 = -31*j. What is the remainder when 525 is divided by j?
21
Suppose 6 = 3*c - 96. Calculate the remainder when 127 is divided by c.
25
Suppose 23*y - 28*y = -25. Suppose -y*x + 97 = j, 7*x - 70 = 3*x + 3*j. What is the remainder when 4*1*(-37)/(-4) is divided by x?
18
Let i(a) = 2*a**2 + a - 4. Let o(r) = 3*r. Let u be o(-1). Calculate the remainder when 18 is divided by i(u).
7
Suppose 2*z = 2*t - 4*t + 24, 2*t + 46 = 3*z. Calculate the remainder when z is divided by ((-4)/6)/((-4)/30).
4
Suppose 2*a = 5*c - 62 - 6, -c - a + 15 = 0. Suppose -38 + c = -4*p. What is the remainder when 21 is divided by p?
3
Let k(h) = -h**3 + 8*h**2 + 85*h + 18. What is the remainder when 118 is divided by k(14)?
22
Suppose 75 = 351*b - 336*b. Calculate the remainder when 7*2*2/4 is divided by b.
2
Suppose -2*i + 7*i = 80. Suppose 50*b = 2*c + 47*b - 194, -c - 5*b + 71 = 0. What is the remainder when c is divided by i?
11
Suppose -3*v + 62 = 5*i, v + 2*i - 3 = 19. Let t(w) = 2*w**2 + 3*w - 1. Calculate the remainder when v is divided by t(-3).
6
Suppose c + 29 = 4*c - 4*k, 3*c + 3*k - 15 = 0. Suppose 130 = 3*u - o, 0 = 3*u - c*u + o + 172. Calculate the remainder when u is divided by 22.
20
Suppose -3 = 5*x - 5*g + 2, 2*g = 5*x + 5. What is the remainder when 101 is divided by 0 - (-5 + 31)/x?
23
What is the remainder when 98 is divided by 19 + (2*(2 - 1) - 1)?
18
Let o(p) = -p**3 + 21*p**2 - 34*p - 15. What is the remainder when o(19) is divided by 16?
13
Calculate the remainder when 7/(((-132)/(-12))/1760) is 